{"id":486,"date":"2023-09-15T14:04:56","date_gmt":"2023-09-15T12:04:56","guid":{"rendered":"https:\/\/kulturmanagement-online.de\/daniel\/?page_id=486"},"modified":"2023-11-11T19:37:34","modified_gmt":"2023-11-11T18:37:34","slug":"digitalpakt-alter-blog","status":"publish","type":"page","link":"https:\/\/kulturmanagement-online.de\/daniel\/digitalpakt-alter-blog\/","title":{"rendered":"DigitalPakt Alter Blog"},"content":{"rendered":"<div class=\"feedzy-cbc966488affdb80196e5720e75fc465 feedzy-rss-1\"><div class=\"rss_header\"><h2><a href=\"\" class=\"rss_title\" rel=\"noopener\" data-wpel-link=\"internal\"><\/a> <span class=\"rss_description\"> <\/span><\/h2><\/div><ul>Dieser Feed hat zurzeit ein Problem. Versuchen Sie es sp\u00e4ter wieder.<\/ul> <\/div>\n\n\n<p>Mehr vom DigitalPakt Alter: <a href=\"https:\/\/kulturmanagement-online.de\/daniel\/digitalpakt-alter-auf-facebook\/\" data-type=\"page\" data-id=\"471\" data-wpel-link=\"internal\">Facebook<\/a> | <a href=\"https:\/\/kulturmanagement-online.de\/daniel\/digitalpakt-alter-auf-instagram\/\" data-type=\"page\" data-id=\"473\" data-wpel-link=\"internal\">Instagram<\/a> | <a href=\"https:\/\/kulturmanagement-online.de\/daniel\/digitalpakt-alter-auf-youtube\/\" data-type=\"page\" data-id=\"484\" data-wpel-link=\"internal\">Youtube <\/a>| <a href=\"https:\/\/kulturmanagement-online.de\/daniel\/digitalpakt-alter-blog\/\" data-type=\"page\" data-id=\"486\" data-wpel-link=\"internal\">Blog<\/a> | <a href=\"https:\/\/kulturmanagement-online.de\/daniel\/mastodon\/\" data-type=\"page\" data-id=\"502\" data-wpel-link=\"internal\">Mastodon<\/a><br><sub>Aufgrund unterschiedlicher Caching-Intervalle kann es bis zu 24 Stunden dauern, bis Aktualisierungen hier ankommen.<\/sub><\/p>\n","protected":false},"excerpt":{"rendered":"","protected":false},"author":2,"featured_media":0,"parent":0,"menu_order":8,"comment_status":"closed","ping_status":"closed","template":"","meta":{"inline_featured_image":false,"_uag_custom_page_level_css":"","jetpack_post_was_ever_published":false,"footnotes":""},"class_list":["post-486","page","type-page","status-publish"],"uagb_featured_image_src":{"full":false,"thumbnail":false,"medium":false,"medium_large":false,"large":false,"1536x1536":false,"2048x2048":false},"uagb_author_info":{"display_name":"D.","author_link":"https:\/\/kulturmanagement-online.de\/daniel\/author\/daniel\/"},"uagb_comment_info":0,"uagb_excerpt":null,"jetpack_shortlink":"https:\/\/wp.me\/P8KGV1-7Q","jetpack-related-posts":[{"id":473,"url":"https:\/\/kulturmanagement-online.de\/daniel\/digitalpakt-alter-auf-instagram\/","url_meta":{"origin":486,"position":0},"title":"DigitalPakt Alter auf Instagram","author":"D.","date":"14. August 2023","format":false,"excerpt":"[instagram-feed feed=1]","rel":"","context":"\u00c4hnlicher Beitrag","block_context":{"text":"\u00c4hnlicher Beitrag","link":""},"img":{"alt_text":"","src":"","width":0,"height":0},"classes":[]},{"id":471,"url":"https:\/\/kulturmanagement-online.de\/daniel\/digitalpakt-alter-auf-facebook\/","url_meta":{"origin":486,"position":1},"title":"DigitalPakt Alter auf Facebook","author":"D.","date":"14. August 2023","format":false,"excerpt":"[custom-facebook-feed feed=1]","rel":"","context":"\u00c4hnlicher Beitrag","block_context":{"text":"\u00c4hnlicher Beitrag","link":""},"img":{"alt_text":"","src":"","width":0,"height":0},"classes":[]},{"id":484,"url":"https:\/\/kulturmanagement-online.de\/daniel\/digitalpakt-alter-auf-youtube\/","url_meta":{"origin":486,"position":2},"title":"DigitalPakt Alter auf Youtube","author":"D.","date":"15. September 2023","format":false,"excerpt":"","rel":"","context":"\u00c4hnlicher Beitrag","block_context":{"text":"\u00c4hnlicher Beitrag","link":""},"img":{"alt_text":"","src":"","width":0,"height":0},"classes":[]},{"id":502,"url":"https:\/\/kulturmanagement-online.de\/daniel\/mastodon\/","url_meta":{"origin":486,"position":3},"title":"Mastodon","author":"D.","date":"11. November 2023","format":false,"excerpt":"","rel":"","context":"\u00c4hnlicher Beitrag","block_context":{"text":"\u00c4hnlicher Beitrag","link":""},"img":{"alt_text":"","src":"","width":0,"height":0},"classes":[]},{"id":173,"url":"https:\/\/kulturmanagement-online.de\/daniel\/","url_meta":{"origin":486,"position":4},"title":"Home","author":"D.","date":"19. Mai 2017","format":false,"excerpt":"Vielen Dank f\u00fcr Ihr Interesse an meiner Person Ich bin Daniel HoffmannSozialarbeiter, Webworker und Medienp\u00e4dagoge geb. 1970Familienstand: verheiratet, 3 Kinder E-Mail: info@kulturmanagement-online.deTel.: 0175\/4895042telegram: xdanielMastodon: digitalcourage.social\/@xdaniel berufl. Status: Angestellter, nebenberuflich Selbst\u00e4ndigIm Web aktiv seit 1997 Hallo, ich bin Daniel Hoffmann. Mein besonderes Interesse liegt in der Gestaltung unserer Gesellschaft und insbesondere\u2026","rel":"","context":"\u00c4hnlicher Beitrag","block_context":{"text":"\u00c4hnlicher Beitrag","link":""},"img":{"alt_text":"Portr\u00e4t Daniel","src":"https:\/\/i0.wp.com\/kulturmanagement-online.de\/daniel\/files\/2018\/07\/2018-07-Portr%C3%A4t-Daniel-845x1024.jpg?resize=350%2C200&ssl=1","width":350,"height":200},"classes":[]},{"id":225,"url":"https:\/\/kulturmanagement-online.de\/daniel\/blog\/","url_meta":{"origin":486,"position":5},"title":"Blog","author":"D.","date":"3. Juni 2017","format":false,"excerpt":"","rel":"","context":"\u00c4hnlicher Beitrag","block_context":{"text":"\u00c4hnlicher Beitrag","link":""},"img":{"alt_text":"","src":"","width":0,"height":0},"classes":[]}],"jetpack_sharing_enabled":true,"_links":{"self":[{"href":"https:\/\/kulturmanagement-online.de\/daniel\/wp-json\/wp\/v2\/pages\/486","targetHints":{"allow":["GET"]}}],"collection":[{"href":"https:\/\/kulturmanagement-online.de\/daniel\/wp-json\/wp\/v2\/pages"}],"about":[{"href":"https:\/\/kulturmanagement-online.de\/daniel\/wp-json\/wp\/v2\/types\/page"}],"author":[{"embeddable":true,"href":"https:\/\/kulturmanagement-online.de\/daniel\/wp-json\/wp\/v2\/users\/2"}],"replies":[{"embeddable":true,"href":"https:\/\/kulturmanagement-online.de\/daniel\/wp-json\/wp\/v2\/comments?post=486"}],"version-history":[{"count":0,"href":"https:\/\/kulturmanagement-online.de\/daniel\/wp-json\/wp\/v2\/pages\/486\/revisions"}],"wp:attachment":[{"href":"https:\/\/kulturmanagement-online.de\/daniel\/wp-json\/wp\/v2\/media?parent=486"}],"curies":[{"name":"wp","href":"https:\/\/api.w.org\/{rel}","templated":true}]}}

<div class="feedzy-cbc966488affdb80196e5720e75fc465 feedzy-rss-1"><div class="rss_header"><h2><a href="" class="rss_title" rel="noopener" data-wpel-link="internal"></a> <span class="rss_description"> </span></h2></div><ul>Dieser Feed hat zurzeit ein Problem. Versuchen Sie es später wieder.</ul> </div>


<p>Mehr vom DigitalPakt Alter: <a href="https://kulturmanagement-online.de/daniel/digitalpakt-alter-auf-facebook/" data-type="page" data-id="471" data-wpel-link="internal">Facebook</a> | <a href="https://kulturmanagement-online.de/daniel/digitalpakt-alter-auf-instagram/" data-type="page" data-id="473" data-wpel-link="internal">Instagram</a> | <a href="https://kulturmanagement-online.de/daniel/digitalpakt-alter-auf-youtube/" data-type="page" data-id="484" data-wpel-link="internal">Youtube </a>| <a href="https://kulturmanagement-online.de/daniel/digitalpakt-alter-blog/" data-type="page" data-id="486" data-wpel-link="internal">Blog</a> | <a href="https://kulturmanagement-online.de/daniel/mastodon/" data-type="page" data-id="502" data-wpel-link="internal">Mastodon</a><br><sub>Aufgrund unterschiedlicher Caching-Intervalle kann es bis zu 24 Stunden dauern, bis Aktualisierungen hier ankommen.</sub></p>

Ähnlicher Beitrag

Vielen Dank für Ihr Interesse an meiner Person Ich bin Daniel HoffmannSozialarbeiter, Webworker und Medienpädagoge geb. 1970Familienstand: verheiratet, 3 Kinder E-Mail: info@kulturmanagement-online.deTel.: 0175/4895042telegram: xdanielMastodon: digitalcourage.social/@xdaniel berufl. Status: Angestellter, nebenberuflich SelbständigIm Web aktiv seit 1997 Hallo, ich bin Daniel Hoffmann. Mein besonderes Interesse liegt in der Gestaltung unserer Gesellschaft und insbesondere…

Porträt Daniel
