{"id":502,"date":"2023-11-11T19:31:32","date_gmt":"2023-11-11T18:31:32","guid":{"rendered":"https:\/\/kulturmanagement-online.de\/daniel\/?page_id=502"},"modified":"2023-11-11T19:41:13","modified_gmt":"2023-11-11T18:41:13","slug":"mastodon","status":"publish","type":"page","link":"https:\/\/kulturmanagement-online.de\/daniel\/mastodon\/","title":{"rendered":"Mastodon"},"content":{"rendered":"  <script>\n    window.addEventListener(\"load\", () => {\n      mastodonFeedLoad(\n        \"https:\/\/digitalcourage.social\/api\/v1\/accounts\/108295654199331819\/statuses\",\n        \"include-mastodon-feed-69f2977b8acb8\",\n        {\n          linkTarget: \"_self\",\n          showPreviewCards: true,\n          excludeConversationStarters: false,\n          excludeTags: \"\",\n          content: {\n            hideStatusMeta: false,\n            hideDateTime: false          },\n          images: {\n            preserveImageAspectRatio: false,\n            size: \"preview\",\n            link: \"status\",\n          },\n          text: {\n            boosted: \"boosted \ud83d\ude80\",\n            noStatuses: \"No statuses available\",\n            viewOnInstance: \"view on instance\",\n            showContent: \"Show content\",\n            permalinkPre: \"on\",\n            permalinkPost: \"\",\n            edited: \"(edited)\",\n          },\n          localization: {\n            date: {\n              locale: \"en-US\",\n              options: {},\n            }\n          }\n        }\n      );\n    });\n  <\/script>\n  <div class=\"include-mastodon-feed-wrapper\"><ol class=\"include-mastodon-feed\" id=\"include-mastodon-feed-69f2977b8acb8\"><li>Loading Mastodon feed...<\/li><\/ol><\/div>\n\n\n\n\n<p>Mehr vom DigitalPakt Alter: <a href=\"https:\/\/kulturmanagement-online.de\/daniel\/digitalpakt-alter-auf-facebook\/\" data-type=\"page\" data-id=\"471\" data-wpel-link=\"internal\">Facebook<\/a> | <a href=\"https:\/\/kulturmanagement-online.de\/daniel\/digitalpakt-alter-auf-instagram\/\" data-type=\"page\" data-id=\"473\" data-wpel-link=\"internal\">Instagram<\/a> | <a href=\"https:\/\/kulturmanagement-online.de\/daniel\/digitalpakt-alter-auf-youtube\/\" data-type=\"page\" data-id=\"484\" data-wpel-link=\"internal\">Youtube <\/a>| <a href=\"https:\/\/kulturmanagement-online.de\/daniel\/digitalpakt-alter-blog\/\" data-type=\"page\" data-id=\"486\" data-wpel-link=\"internal\">Blog<\/a> | <a href=\"https:\/\/kulturmanagement-online.de\/daniel\/mastodon\/\" data-type=\"page\" data-id=\"502\" data-wpel-link=\"internal\">Mastodon<\/a><br><sub>Aufgrund unterschiedlicher Caching-Intervalle kann es bis zu 24 Stunden dauern, bis Aktualisierungen hier ankommen.<\/sub><\/p>\n","protected":false},"excerpt":{"rendered":"","protected":false},"author":2,"featured_media":0,"parent":0,"menu_order":9,"comment_status":"closed","ping_status":"closed","template":"","meta":{"inline_featured_image":false,"_uag_custom_page_level_css":"","jetpack_post_was_ever_published":false,"footnotes":""},"class_list":["post-502","page","type-page","status-publish"],"uagb_featured_image_src":{"full":false,"thumbnail":false,"medium":false,"medium_large":false,"large":false,"1536x1536":false,"2048x2048":false},"uagb_author_info":{"display_name":"D.","author_link":"https:\/\/kulturmanagement-online.de\/daniel\/author\/daniel\/"},"uagb_comment_info":0,"uagb_excerpt":null,"jetpack_shortlink":"https:\/\/wp.me\/P8KGV1-86","jetpack-related-posts":[{"id":473,"url":"https:\/\/kulturmanagement-online.de\/daniel\/digitalpakt-alter-auf-instagram\/","url_meta":{"origin":502,"position":0},"title":"DigitalPakt Alter auf Instagram","author":"D.","date":"14. August 2023","format":false,"excerpt":"[instagram-feed feed=1]","rel":"","context":"\u00c4hnlicher Beitrag","block_context":{"text":"\u00c4hnlicher Beitrag","link":""},"img":{"alt_text":"","src":"","width":0,"height":0},"classes":[]},{"id":471,"url":"https:\/\/kulturmanagement-online.de\/daniel\/digitalpakt-alter-auf-facebook\/","url_meta":{"origin":502,"position":1},"title":"DigitalPakt Alter auf Facebook","author":"D.","date":"14. August 2023","format":false,"excerpt":"[custom-facebook-feed feed=1]","rel":"","context":"\u00c4hnlicher Beitrag","block_context":{"text":"\u00c4hnlicher Beitrag","link":""},"img":{"alt_text":"","src":"","width":0,"height":0},"classes":[]},{"id":486,"url":"https:\/\/kulturmanagement-online.de\/daniel\/digitalpakt-alter-blog\/","url_meta":{"origin":502,"position":2},"title":"DigitalPakt Alter Blog","author":"D.","date":"15. September 2023","format":false,"excerpt":"","rel":"","context":"\u00c4hnlicher Beitrag","block_context":{"text":"\u00c4hnlicher Beitrag","link":""},"img":{"alt_text":"","src":"","width":0,"height":0},"classes":[]},{"id":484,"url":"https:\/\/kulturmanagement-online.de\/daniel\/digitalpakt-alter-auf-youtube\/","url_meta":{"origin":502,"position":3},"title":"DigitalPakt Alter auf Youtube","author":"D.","date":"15. September 2023","format":false,"excerpt":"","rel":"","context":"\u00c4hnlicher Beitrag","block_context":{"text":"\u00c4hnlicher Beitrag","link":""},"img":{"alt_text":"","src":"","width":0,"height":0},"classes":[]},{"id":173,"url":"https:\/\/kulturmanagement-online.de\/daniel\/","url_meta":{"origin":502,"position":4},"title":"Home","author":"D.","date":"19. Mai 2017","format":false,"excerpt":"Vielen Dank f\u00fcr Ihr Interesse an meiner Person Ich bin Daniel HoffmannSozialarbeiter, Webworker und Medienp\u00e4dagoge geb. 1970Familienstand: verheiratet, 3 Kinder E-Mail: info@kulturmanagement-online.deTel.: 0175\/4895042telegram: xdanielMastodon: digitalcourage.social\/@xdaniel berufl. Status: Angestellter, nebenberuflich Selbst\u00e4ndigIm Web aktiv seit 1997 Hallo, ich bin Daniel Hoffmann. Mein besonderes Interesse liegt in der Gestaltung unserer Gesellschaft und insbesondere\u2026","rel":"","context":"\u00c4hnlicher Beitrag","block_context":{"text":"\u00c4hnlicher Beitrag","link":""},"img":{"alt_text":"Portr\u00e4t Daniel","src":"https:\/\/i0.wp.com\/kulturmanagement-online.de\/daniel\/files\/2018\/07\/2018-07-Portr%C3%A4t-Daniel-845x1024.jpg?resize=350%2C200&ssl=1","width":350,"height":200},"classes":[]}],"jetpack_sharing_enabled":true,"_links":{"self":[{"href":"https:\/\/kulturmanagement-online.de\/daniel\/wp-json\/wp\/v2\/pages\/502","targetHints":{"allow":["GET"]}}],"collection":[{"href":"https:\/\/kulturmanagement-online.de\/daniel\/wp-json\/wp\/v2\/pages"}],"about":[{"href":"https:\/\/kulturmanagement-online.de\/daniel\/wp-json\/wp\/v2\/types\/page"}],"author":[{"embeddable":true,"href":"https:\/\/kulturmanagement-online.de\/daniel\/wp-json\/wp\/v2\/users\/2"}],"replies":[{"embeddable":true,"href":"https:\/\/kulturmanagement-online.de\/daniel\/wp-json\/wp\/v2\/comments?post=502"}],"version-history":[{"count":0,"href":"https:\/\/kulturmanagement-online.de\/daniel\/wp-json\/wp\/v2\/pages\/502\/revisions"}],"wp:attachment":[{"href":"https:\/\/kulturmanagement-online.de\/daniel\/wp-json\/wp\/v2\/media?parent=502"}],"curies":[{"name":"wp","href":"https:\/\/api.w.org\/{rel}","templated":true}]}}

Ähnlicher Beitrag

Vielen Dank für Ihr Interesse an meiner Person Ich bin Daniel HoffmannSozialarbeiter, Webworker und Medienpädagoge geb. 1970Familienstand: verheiratet, 3 Kinder E-Mail: info@kulturmanagement-online.deTel.: 0175/4895042telegram: xdanielMastodon: digitalcourage.social/@xdaniel berufl. Status: Angestellter, nebenberuflich SelbständigIm Web aktiv seit 1997 Hallo, ich bin Daniel Hoffmann. Mein besonderes Interesse liegt in der Gestaltung unserer Gesellschaft und insbesondere…

Porträt Daniel
